er when 97 is divided by u(-7)?
13
Suppose 4*l + 16 = 0, i + 2*i - 6 = 3*l. Calculate the remainder when (-166)/(-18) + i/9 is divided by 2/(52/286 - (-24)/110).
4
Suppose -6*b = -0*b - 2*b. Let v be -2 + 6*(-8)/12 - b. What is the remainder when ((-20)/8)/(-5) + (-153)/v is divided by 11?
4
Let r be (0 - -1) + (4 - 1). Let b be 1 - (-3)/(-6)*-2. Suppose 3*k - 6 = k - 2*u, r*k - 22 = -b*u. Calculate the remainder when 12 is divided by k.
4
Let j = 903 + -716. What is the remainder when j is divided by 16?
11
Let c(l) = 2*l**2 - 72*l + 523. Let t be c(8). Suppose 0*b + 102 = -2*b. Let g = b + t. What is the remainder when 69 is divided by g?
21
Suppose -16*j + 37*j - 1601 = 604. What is the remainder when 261 is divided by j?
51
Let z = 13466 + -4796. What is the remainder when z is divided by 59?
56
Suppose y = 3, y = -3*o - y + 30. Suppose -o*g + 210 = 2*g. Suppose -w - 4*d - 78 = -3*w, -3*d + 14 = w. What is the remainder when w is divided by g?
8
Suppose 96 = -2*r + 6*r. Suppose 90 = -14*b + 8*b. Calculate the remainder when (-496)/(-7) - b/105 is divided by r.
23
Suppose 2*j = 2, -1561 = -5*y + 48*j - 44*j. What is the remainder when y is divided by 2?
1
Suppose -6*z + 19 = -2075. Calculate the remainder when z is divided by 2/(4/108*6).
7
Suppose 3*g - 2*u = 124, -g - 3*u = 14 - 70. What is the remainder when g is divided by (-3906)/(-168) - 6/(-8)?
20
Let y = 279 - 125. Suppose 3*q - 57 = -z - 11, -q = 5*z - 160. Calculate the remainder when y is divided by z.
30
What is the remainder when 249 is divided by 270/7560 + (-643)/(-28)?
19
What is the remainder when -2*(0 - -1 - 2) is divided by 1032/1720*20/6?
0
Suppose 4*r + w - 42 = 0, 5*r - 63 = 2*w + 2*w. Let c = 99 - 82. Calculate the remainder when c is divided by r.
6
Let w = -10091 - -10120. What is the remainder when w is divided by -1*3 + (-29)/(-1)?
3
Let d = 5363 + -5342. Let k be (-2)/6 + (-4)/6. Let z = d + k. Calculate the remainder when 114 is divided by z.
14
Let y(x) = -1558*x + 7972. What is the remainder when 885 is divided by y(5)?
157
Suppose 0 = -g - 4 + 9. Suppose -103 - 87 = -g*q. Suppose -5*i - 4*c + 26 + 35 = 0, i + 3*c = -12. What is the remainder when q is divided by i?
17
Suppose 0 = -21*r + 17*r + 28. Suppose -r*h + 11*h = 348. Suppose 24*c - 23*c = 18. Calculate the remainder when h is divided by c.
15
Suppose 10 = -6*r + 8*r. Suppose 5 = -w + r*m, 0 = -4*m + 8*m. Let d(z) = z**2 + 6*z + 8. What is the remainder when 3 is divided by d(w)?
0
Suppose -147 = -2*n + m, -5*n = -0*n + 3*m - 395. What is the remainder when 1446 is divided by n?
2
Calculate the remainder when 6/((-48)/(-100))*25696/365 is divided by 34.
30
Let w(h) = -h**3 + 12*h**2 - 3*h - 80. Calculate the remainder when w(6) is divided by 1/4 - (-1272)/32.
38
Let z = 277 + -193. Let a be (3/(-2))/((-2)/4). Suppose -a*s + z = s. What is the remainder when 82 is divided by s?
19
Calculate the remainder when ((-3)/(-6))/((-45)/(-62280)) is divided by 235.
222
Let w(j) = -24*j + 79. Suppose -2*p = -2*m - 2*m - 34, 4*p = 3*m + 28. Let v = 20 + m. What is the remainder when v is divided by w(3)?
5
Let a = 3079 + -3055. Suppose -z + 53 = -56. Calculate the remainder when z is divided by a.
13
Let u(g) = -9*g**2 + 51*g + 139. Calculate the remainder when 2658 is divided by u(6).
117
Suppose i + 2*d - 26 = -0*d, 5*d = -2*i + 54. Suppose -4*j + 3*w = -857, -475 = 4*j + 3*w - 1362. What is the remainder when j is divided by i?
20
Let y(t) = 87*t**2 + 27*t - 61. What is the remainder when y(2) is divided by 108?
17
Calculate the remainder when 364 is divided by 104/6 + (1078/33)/(-14).
4
Let o = 100 + -256. Suppose 3*y + 777 = -4*y. Let f = y - o. What is the remainder when f is divided by 13?
6
Let v be (-63)/(-13) - (6 - 720/117). Suppose 0 = -6*r + v*r + 41. Calculate the remainder when 327 is divided by r.
40
Suppose -4*b + 4 = -3*b. Suppose 3*x - b*h + 9*h - 159 = 0, -2*x - 4*h = -106. What is the remainder when x is divided by ((-152)/(-5) - 2) + (84/(-35) - -2)?
25
Let p(u) = -u**3 + 24*u**2 + 30*u + 49. Calculate the remainder when p(17) is divided by 76.
74
Suppose -2*r - 3*o = -298, 3*r - 8*r + 682 = -3*o. What is the remainder when r is divided by 81?
59
Let c be (-24)/160*-692*5. Let l = c - 419. What is the remainder when l is divided by 38?
24
Let z(b) = 2 - b**2 - 8 - 2 - 18*b - 8. Let y be z(-17). Calculate the remainder when y/8 - (2 - 431/8) is divided by 9.
7
Let c(s) = 29*s**2 - 69*s + 295. What is the remainder when c(5) is divided by 6?
3
Let h(l) = -5*l - 12. Let q be -5*(72/10)/6. Suppose 10*y + 62 = 412. Calculate the remainder when y is divided by h(q).
17
Let x = -36 + 67. Let t(r) = 110 - 7*r - 40 - 3. Calculate the remainder when x is divided by t(8).
9
Let v(z) = 3*z**2 - 41*z - 480. Calculate the remainder when v(-16) is divided by 13.
8
What is the remainder when (-1)/(-2) + (-21781)/(-46) is divided by 116?
10
Let a be (-60)/(-150) - 36/(-10). Suppose 0 = -a*j, -5*y - 5*j + 80 = -4*j. Calculate the remainder when 61 is divided by y.
13
Let v(o) = -o**3 + 7*o**2 - 6*o + 5. Suppose 3*c = -2*s + 6 + 26, 5*c = s + 49. Calculate the remainder when v(4) is divided by c.
9
Calculate the remainder when 4/(-18) + (-176)/(-216)*447 is divided by 183.
181
Suppose 127*q - 320 = 111*q. What is the remainder when q is divided by 7?
6
Let f(y) = 11*y - 19. Let w be f(-7). Let u be (9/(-4))/((38/w)/19). Let j = 180 - u. Calculate the remainder when j is divided by 37.
35
Let q(h) = 627*h - 4248. Calculate the remainder when 800 is divided by q(7).
95
Let w(c) = 7*c**2 + 3*c - 2. Let l = -1619 - -1772. Calculate the remainder when l is divided by w(-3).
49
Suppose -15*w + 19*w = 8. Let u(q) = q**3 - q + 6. Let z(j) = -7*j. What is the remainder when z(-6) is divided by u(w)?
6
Suppose -4*r = -u + 97, -u - 3*r = -4*r - 82. Calculate the remainder when 304 + 5 + -7 + 0 is divided by u.
71
Let p = -95 + 125. Let s = 44 - p. What is the remainder when 83 is divided by s?
13
Suppose 0 = -12*z - 6*z + 24156. Suppose 0 = -17*h + 6*h + z. Calculate the remainder when h is divided by 25.
22
Suppose 0 = 16*c + 4*c - 240. Let g(t) = 21*t**2 - 26*t - 54. Calculate the remainder when g(-2) is divided by c.
10
Suppose 5*y + 32 = 4*n - 91, -91 = -3*n + 4*y. Calculate the remainder when 179 is divided by n.
31
Suppose 0 = -4*f - 5*n + 32 + 9, -f - 3*n + 19 = 0. Suppose 86 = 5*z - f*l, -z - 60 = -5*z + l. What is the remainder when 31 is divided by z?
3
Suppose 2*d + r + 21 = 0, -4*d = -2*r - 0*r + 30. Suppose 1403 + 13093 = 9*j + 15*j. Calculate the remainder when 64 is divided by j/36 - 2/d.
13
Let g be -7 + (6 - 7)*-11. What is the remainder when 83 is divided by ((-7)/g)/(175/(-28) - -6)?
6
Let a(y) = 59*y - 2048. What is the remainder when 286 is divided by a(35)?
14
Suppose 2*f - 5*u - 767 - 10 = 0, 5 = -u. What is the remainder when 1133 is divided by f?
5
Let c = 129 - 129. Let t = c + 39. Suppose -5*w = 4*s - 62, -2*w - 52 = -6*w - 2*s. What is the remainder when t is divided by w?
11
Let o(u) = -3*u + 31. Let q(h) = h + 2. Let c(j) = -o(j) + 3*q(j). Calculate the remainder when c(6) is divided by 4.
3
Let x(c) = 21*c - 165. Let g be x(8). Calculate the remainder when (-74 - (g + 8))*3/(-5) is divided by 39.
12
Let m = 19267 + -19214. Calculate the remainder when m is divided by 26.
1
Suppose -4*d + 11 = -5. Suppose -2*b - 3*w + 19 = 0, d*w - 7 = 2*b - 47. Calculate the remainder when b is divided by ((-10)/6)/(22/(-132)).
4
Let r be (6/8)/((-15)/(-60)). Suppose 294 = r*i + 48. Let b = -531 + 552. Calculate the remainder when i is divided by b.
19
Suppose -4*t + 70 = 26. Suppose p - t = 4. What is the remainder when 56 is divided by p?
11
Calculate the remainder when 324 is divided by 18/(-14)*24325/(-834)*2.
24
Suppose 211*x = 213*x - j - 205, -5*j - 297 = -3*x. Calculate the remainder when x is divided by 65.
39
What is the remainder when 84 is divided by (-4107)/(-259) - 2/(-14)?
4
Let z(m) = -2*m - 9. Let w be z(-7). Suppose -i - 313 = -5*p, 3*i = w*p + 7*i - 298. Let t = 64 + -51. What is the remainder when p is divided by t?
10
Suppose -2*n + 3*n - 3 = 0. Let d be (-2616)/32 - 6/(-8). Let v = d + 82. Calculate the remainder when n is divided by v.
0
Suppose -21*x + 25 = 4*x. Calculate the re